i = -4*g - 18. Let z = i - c. What is the units digit of z?
3
Let y(m) = -142*m. What is the hundreds digit of y(-1)?
1
Suppose 0 = -11*x + 12*x - 181. What is the hundreds digit of x?
1
Suppose 0 = 2*w + w + 15. Let i be (-2)/(-10) - 29/w. Suppose q + 1 = i. What is the units digit of q?
5
Let k(a) = -4*a**3 - a**2. Let w(d) = -d - 6. Let q = 11 + -16. Let m be w(q). What is the units digit of k(m)?
3
Suppose k + 99 = 4*k. Let t = -18 + k. What is the tens digit of t?
1
Let j(n) = n**3 + 14*n**2 - 9*n - 3. What is the units digit of j(-13)?
3
Let u be (0 - -2 - -5) + -2. Suppose -u*b - 150 = -10*b. Suppose -2*p - 3*p + b = 0. What is the units digit of p?
6
Let n = 5 + -3. Let w be 8/2 + n*-1. Suppose -2 = w*j - 12. What is the units digit of j?
5
Let z(b) = -5*b + 3. Let s(x) = 6*x - 3. Let a(r) = 6*s(r) + 7*z(r). What is the tens digit of a(10)?
1
Suppose 0 = 3*w + 2*r + 25 + 16, 35 = -3*w - 5*r. Let n = 15 - -7. Let l = w + n. What is the units digit of l?
7
Let z be (-14)/6 - 10/15. Let m = -1 - z. Let s = 5 - m. What is the units digit of s?
3
Suppose 4*x - 383 = -51. What is the tens digit of x?
8
Let i(d) be the first derivative of 3*d**2/2 - d - 1. Let z be i(5). Let y = z - 9. What is the units digit of y?
5
Let p(u) = -u**3 + 7*u**2 + 2*u - 2. What is the tens digit of p(5)?
5
Suppose 0 = 3*v - 0*c + 3*c - 99, -5*v + 166 = 4*c. What is the units digit of v?
4
Let x(m) = -m**3 + 2*m. Let o be x(-3). Suppose o = 2*i - 5. Let a = i - 5. What is the units digit of a?
8
Suppose d + 3*d + 5*v = 1155, 3*d - 5*v - 840 = 0. What is the hundreds digit of d?
2
Suppose 0 = p - 4*v - 0*v - 22, -4*p - v = -20. What is the units digit of p?
6
Let y = 3 - 8. Let a = y + 13. What is the units digit of a?
8
Suppose 2*i + 3*i - 2*n + 6 = 0, 5*n = 5*i. What is the units digit of 32/(-12)*15/i?
0
Let k = 8 + -14. Let s = k - -11. What is the units digit of s?
5
Let z = 15 + -6. Suppose -36 = -5*a + z. What is the units digit of 2/(-9) - (-20)/a?
2
Suppose 6*l - 5*l - 48 = 0. What is the units digit of l?
8
Suppose -s + 22 = -5*r - 0*r, -4*s + 4*r = -24. Suppose -3*g = s*g - 15. What is the units digit of g?
3
What is the hundreds digit of (-36)/(-12)*(-392)/(-6)?
1
Let c be 2/(-2) - (0 + -14). Let s = -9 + c. Suppose -2*u = u - s*v - 26, -3*u + 1 = v. What is the units digit of u?
2
Let n = 6 + -4. What is the units digit of (-1)/((4/n)/(-2))?
1
Let p = 202 + 29. What is the tens digit of p?
3
Let b(l) = -2*l - 11. Let p(f) = f + 6. Let z(j) = -3*b(j) - 5*p(j). Let k be z(4). Let h = k - 4. What is the units digit of h?
3
Let l(n) = -n**2 - 8*n + 3. Let x be l(-8). Let z = x + -6. Let s = z + 7. What is the units digit of s?
4
Let j(x) = 3*x - 3. Let m = 17 - 10. Let q be j(m). Suppose 6 + q = 3*d. What is the units digit of d?
8
Suppose 2*s = 3*s - 2. Suppose s*b = -2*r + 52, -3*r + 3*b = -5*r + 49. What is the tens digit of r?
2
Suppose -51 = -2*k + 3. What is the tens digit of k?
2
What is the units digit of 2/6 - (1 + 1424/(-12))?
8
Let q = 60 + -10. What is the units digit of (q/3)/((-6)/(-9))?
5
Suppose 5 - 1 = 2*q. Suppose -q*p = -0*u + 4*u - 36, 0 = -4*p + 5*u + 20. What is the units digit of p?
0
Suppose -5*w + 0*w + 30 = 0. Suppose -2*q - 2*x - w = -7*q, -2*q = 4*x - 12. Suppose q*n = -2*n + 80. What is the units digit of n?
0
Let h(g) = g. Let k(x) = 2*x + 1. Let s(v) = -3*h(v) + 4*k(v). What is the units digit of s(6)?
4
Let c(n) = n**3 + 4*n**2 + n. Let t be c(-3). Suppose g - 20 = -5*w, -16 = -6*g + 3*g - 4*w. Suppose g = x - t + 2. What is the units digit of x?
4
Suppose 2*a - 13 = -1. Let x(w) = w**3 - 7*w**2 + 7*w - 3. Let d be x(a). What is the units digit of 9*d*2/9?
6
Let m(n) = -n + 3. Let i be m(6). Let k(a) be the first derivative of 2*a**3/3 + 5*a**2/2 + 4*a + 17. What is the units digit of k(i)?
7
Let d(m) = m + 1. What is the tens digit of d(10)?
1
Suppose -2*m - 21 = 5*l + 17, 2*l - 5*m - 8 = 0. What is the units digit of 87/(-2)*l/9?
9
Suppose -4*a = 8*m - 3*m - 15, 5*a - 5*m - 30 = 0. Let i be 2 + a/(5/78). Suppose -i = -4*c - c. What is the units digit of c?
6
Let d(q) = q**2 - 6*q + 9. Let s(g) = -2*g**2 + 13*g - 18. Let l(j) = 7*d(j) + 4*s(j). What is the tens digit of l(6)?
1
Suppose 4*a = -s + 69, 0 = s - 0*s - 2*a - 57. What is the units digit of s?
1
Let y(z) = -15*z**2 + 2*z**3 - 16*z + 0*z**3 - z**3 + 15 + 5. What is the units digit of y(16)?
0
Let w = -2 - -7. What is the units digit of w?
5
Suppose -k + 5*k + 8 = 0. What is the tens digit of (75/10)/(k/(-12))?
4
Suppose 13 = h - 0*h + 4*a, 4*a - 15 = -3*h. Let s be h/5 - (-24)/5. Suppose 0 = m + 5*y - 10, 2*m + 4*y - 9 = s*y. What is the units digit of m?
5
Let x = 132 + -89. What is the units digit of x?
3
Let r = -3 - -6. Let w = 5 + r. Suppose -i = -4*a + 9, -w*a + 4*a + 51 = 5*i. What is the units digit of i?
7
Let s(i) = -i. Let w = 4 - 9. Let x be s(w). Suppose 27 = x*u - 18. What is the units digit of u?
9
Let u(z) = z**3 + 5. Let v(q) = -q + 2. Let p be v(2). Suppose 0 = -p*w + 3*w. What is the units digit of u(w)?
5
Let d(u) = 10*u + 2. Let k be d(-2). Let s = -13 - k. What is the units digit of s?
5
Suppose -4*y = -2*y + 2*q - 18, 3*y - 5*q = 19. What is the units digit of y?
8
Let u = -32 - -60. Let j = u - 13. What is the tens digit of j?
1
Let b = 11 + -5. Let t(k) = k**2 - 4*k - 6. What is the units digit of t(b)?
6
Let t be (-2)/(-6) + (-8)/(-3). Suppose t*o - 7 - 41 = 0. Let l = o + -11. What is the units digit of l?
5
Let p = 85 - 41. What is the units digit of p?
4
Suppose 0 = 3*a + 5*u + 43, 3*a + 4*u + 38 + 3 = 0. Let s = -7 - a. What is the units digit of s?
4
Suppose -4 = -6*h + 4*h. Suppose o - 57 = -h*o. What is the units digit of o?
9
Suppose -6*y + y = -10. Suppose -3*o - 5*x + 28 = 0, -y*o - 2*x + 21 = -x. What is the units digit of o?
1
Let a(g) = -g**3 - 10*g**2 - 2*g - 2. Let o = -29 + 19. What is the tens digit of a(o)?
1
Let q = 16 - 1. Let v be -5 - -1 - (0 - 3 - 3). Let t = q - v. What is the tens digit of t?
1
Let u(d) = -2*d - 6. Suppose 5*k = 4*y - 24, k - y + 13 = -2*k. Let x be u(k). Suppose -6*o = -x*o - 20. What is the units digit of o?
5
Let h = 8 + 8. Suppose 5*d = h + 24. What is the units digit of d?
8
Let v be (12/(-8))/(1/2). What is the units digit of (-159)/(-9) + v/(-9)?
8
Let s = 2 - -1. Suppose 0*a = -s*a - 6, 38 = 2*n - 4*a. What is the units digit of n?
5
Let b(d) = 2*d - 5. Suppose -y - 8 = -3*y. What is the units digit of b(y)?
3
Suppose 0*h - 3*h + 6 = 0. Suppose 0*j = h*b + 5*j - 14, 5*b + j - 81 = 0. What is the units digit of b?
7
Let j = 8 + -6. Let f(o) = -8*o - o - 7 + 0*o - o**j. What is the units digit of f(-5)?
3
Let j(m) = m**3 + 5*m**2 - 6*m + 5. Let p = -1 + -5. Let k be j(p). Suppose -t = 3 - k. What is the units digit of t?
2
What is the hundreds digit of -4*3/6*-105?
2
Suppose 8*f + 41 = 833. What is the units digit of f?
9
Let h be 2/(-4)*4 + -1. Let w = 6 + h. What is the units digit of w?
3
Suppose -5*h + 5 = 10. Let u(x) = x**2 - 1. Let j be u(h). Let n = 14 - j. What is the tens digit of n?
1
Suppose 4*o - 12 - 8 = 0. Suppose o = 2*r + 3. What is the units digit of 2 - r/((-3)/21)?
9
Suppose o + 15 = 4*o. Suppose -o*v + 31 + 94 = 0. What is the tens digit of v?
2
Let s(h) = 0 + 0 - 7*h + 10*h. What is the units digit of s(2)?
6
Suppose 0*r - 13 = -r. What is the units digit of r?
3
Let r = 45 - 8. What is the tens digit of r?
3
Let p be -5 - -3 - -2*3. What is the units digit of p + (0/(-1) - 1)?
3
Suppose 2*b - 3*p - p + 2 = 0, 0 = 4*b - 3*p - 11. Suppose 6*q - b = q. What is the units digit of q?
1
Let y be (18/24)/(2/8). Let p = 4 + y. What is the units digit of p?
7
Let g(o) = -o - 2. Let m be g(-8). Let h be (-2)/1*3/m. What is the units digit of ((-8)/3)/(h/3)?
8
Let w(z) = z**2 - 6*z + 2. Let y(g) be the first derivative of -5*g**4/4 + g + 2. Let c be y(-1). What is the units digit of w(c)?
2
Let g = -56 - -210. What is the hundreds digit of g?
1
Suppose 0 = -3*n - 3*g - 9, 0 = n - 2*g - 9. Let b be (-3)/n*(-2)/(-3). What is the units digit of (-2)/(-6)*0 - b?
2
What is the units digit of (-202)/(-2 - 0) - (-42)/14?
4
Let q = -240 - -426. What is the tens digit of q?
8
Let r(u) = u**2 + 7*u. Let o be r(-7). Suppose o = 2*h + 5*i, -7 + 42 = 5*h - 5*i. What is the units digit of